0785
In base 5, what is 1 + 14013443220?
14013443221
In base 10, what is -210 + -1801657?
-1801867
In base 7, what is -1202460 + -1221?
-1204011
In base 2, what is -1110111101000 - -100100111101011101?
100011000101110101
In base 4, what is 1021101300 + 100?
1021102000
In base 15, what is -5a9dbc4 - -1?
-5a9dbc3
In base 14, what is 35 - -105cb63?
105cb98
In base 7, what is 211162514 + -5?
211162506
In base 2, what is 1000011011101011101010010 + -101?
1000011011101011101001101
In base 9, what is 14752588 + 13?
14752612
In base 5, what is 344203020333 + 1?
344203020334
In base 4, what is 20233 - -120313313?
121000212
In base 16, what is -6 - 3a4b7e?
-3a4b84
In base 12, what is 13532 + 289?
137bb
In base 3, what is 11202110 - 110021022?
-21111212
In base 16, what is 10bf2 - 6dc?
10516
In base 8, what is -6714 + 646?
-6046
In base 16, what is 62fa9 - f1?
62eb8
In base 3, what is -2 - 121011212221101112?
-121011212221101121
In base 6, what is 3 + 15231010530?
15231010533
In base 2, what is 11000100010 + -101001100101?
-10001000011
In base 2, what is 1000111010110101001000100 + 11101?
1000111010110101001100001
In base 3, what is -12 - 2112200011121002?
-2112200011121021
In base 14, what is -31c28 - -133?
-31ad5
In base 7, what is 213635322 + -64?
213635225
In base 4, what is -3010221000 + -113?
-3010221113
In base 11, what is -39 + -1973a3a?
-1973a78
In base 13, what is 2099844 - -5?
2099849
In base 11, what is 400053 - -a?
400062
In base 16, what is -96c - -354?
-618
In base 8, what is 2 - -70741525?
70741527
In base 11, what is 5728002 - -1?
5728003
In base 6, what is -213 + 2054444?
2054231
In base 13, what is -565a189 + -3?
-565a18c
In base 13, what is -38 + 18c1ca?
18c192
In base 11, what is 5 - 9099787?
-9099782
In base 8, what is -64735 - 505?
-65442
In base 6, what is 21212 - 152?
21020
In base 12, what is 124 + -125aa12?
-125a8aa
In base 11, what is -3 - -2223040?
2223038
In base 7, what is 146 - 12310?
-12131
In base 6, what is 31552 - -22323?
54315
In base 14, what is 9b9 - -c05?
17c0
In base 12, what is -390a1b2 - 60?
-390a252
In base 15, what is 2 + -1c153b?
-1c1539
In base 4, what is -12 + 1201333032223?
1201333032211
In base 3, what is 2 - 221001212122221?
-221001212122212
In base 14, what is 962 + 1556?
20b8
In base 7, what is -23043 + -204605?
-230651
In base 16, what is -24eb80 - -28?
-24eb58
In base 5, what is 1 + -1023124201?
-1023124200
In base 12, what is -5 - 5b782450?
-5b782455
In base 14, what is -69c83 - -26?
-69c5b
In base 5, what is 24 + -421033222?
-421033143
In base 15, what is -a3b3d - -1?
-a3b3c
In base 9, what is -107887474 - -3?
-107887471
In base 13, what is 276 - -3b017?
3b290
In base 3, what is -12 + 111110121212111012?
111110121212111000
In base 8, what is 35764654 - -13?
35764667
In base 14, what is -1 + 78d7b22?
78d7b21
In base 15, what is -1d + -aded?
-ae1b
In base 13, what is -292a92 + -21?
-292ab3
In base 13, what is 29 - -151c20?
151c49
In base 12, what is -256 + aa70?
a816
In base 12, what is -33a30 + -48?
-33a78
In base 3, what is 1021212 - 10100012021?
-10021220102
In base 11, what is -16358148 + 2?
-16358146
In base 2, what is -10000110101 + -1011010100011000001?
-1011010110011110110
In base 2, what is 110001110100100110010111010 + 0?
110001110100100110010111010
In base 10, what is 1017320 + -1?
1017319
In base 6, what is 1333 + -20152?
-14415
In base 9, what is -10 - -1213005?
1212885
In base 16, what is 2f66 + -4d?
2f19
In base 12, what is 753838 - 8a?
75376a
In base 8, what is 143210606 - 1?
143210605
In base 4, what is 3 + 23303210212?
23303210221
In base 6, what is -141 + -3035413?
-3035554
In base 13, what is c926 - -6572?
16198
In base 16, what is 5 + -372c16e?
-372c169
In base 2, what is -10100010 - -1010101011010000101110?
1010101011001110001100
In base 5, what is 3 - -2332013021?
2332013024
In base 4, what is -32130233000 + -213?
-32130233213
In base 2, what is 10010000101 + 10010011000000?
10100101000101
In base 8, what is 37 - -1451655?
1451714
In base 2, what is -1111100010000100001010 - 1010?
-1111100010000100010100
In base 9, what is -370366843 - 1?
-370366844
In base 9, what is 8176 + 734?
10021
In base 14, what is 759 + 1a039?
1a794
In base 3, what is 22 - 12000210121101?
-12000210121002
In base 4, what is 201 + 3232021312?
3232022113
In base 6, what is 1022 - -11332150?
11333212
In base 2, what is -1 + 10110010111011000010?
10110010111011000001
In base 8, what is 3044527 - 4?
3044523
In base 12, what is -1b9618291 + 3?
-1b961828a
In base 9, what is -11515803 - -20?
-11515773
In base 10, what is 404 - 387?
17
In base 5, what is -4 - -24311024434?
24311024430
In base 3, what is 1222102110 + 102101?
1222211211
In base 3, what is 1122212 - -1011010101?
1012210020
In base 11, what is -212933a - 1?
-2129340
In base 8, what is 11 - 3101126?
-3101115
In base 5, what is 1 - -1414303211?
1414303212
In base 12, what is 55866 - b8?
5576a
In base 10, what is -5 + 1537179?
1537174
In base 13, what is -11 - 23220c?
-232220
In base 11, what is 261 - -330451?
330702
In base 8, what is -3 - 1643674712?
-1643674715
In base 8, what is -12 + -47503722?
-47503734
In base 9, what is 671347135 + 4?
671347140
In base 11, what is -319 + 190?
-139
In base 10, what is -2 + 62107?
62105
In base 13, what is 10567 + 27?
10591
In base 2, what is -1000 - 100001101110010011?
-100001101110011011
In base 9, what is 11 - 1248457?
-1248446
In base 13, what is 0 - 24653cc3?
-24653cc3
In base 13, what is -1675 + 4?
-1671
In base 13, what is 3cc766a3 + 2?
3cc766a5
In base 13, what is 17945 - -1b8a?
19802
In base 15, what is 32a2 + -c10?
2592
In base 8, what is -13007356 + -4?
-13007362
In base 11, what is 2452 - -35870?
38212
In base 4, what is -11 - 3211023020?
-3211023031
In base 2, what is 1 - 111010110000110101101000?
-111010110000110101100111
In base 4, what is 10211 + -220233113?
-220222302
In base 8, what is -1 - -2736444?
2736443
In base 2, what is 101111101110001100101001010100 - 0?
101111101110001100101001010100
In base 12, what is 83a + 3636a?
36ba8
In base 4, what is -103100321 - -131133?
-102303122
In base 5, what is -1324004 - 1210?
-1330214
In base 15, what is 3583be - a?
3583b4
In base 16, what is -1ee14e - -4?
-1ee14a
In base 5, what is 2 - 1322421333124?
-1322421333122
In base 15, what is -2cad297 - 0?
-2cad297
In base 5, what is -2014 + -142404404?
-142411423
In base 3, what is 2001212 + -220101100?
-211022111
In base 6, what is -21542 - 524335?
-550321
In base 13, what is -19ba30 - 9b?
-19bacb
In base 2, what is 11000010110011001010 + -1010?
11000010110011000000
In base 16, what is e - 1312fd9?
-1312fcb
In base 2, what is -1001000011 + 1001100101101110110?
1001100100100110011
In base 6, what is -11 + -10555013?
-10555024
In base 3, what is -1000200211 + 21212200?
-201211011
In base 9, what is -14170 + 115523?
101343
In base 8, what is 503573 + 11?
503604
In base 2, what is -11001011111000000 + 11001111001010?
-10110001111110110
In base 7, what is 226266 - -3121?
232420
In base 10, what is 3536 + -87820?
-84284
In base 9, what is -1066 + -707?
-1774
In base 9, what is -1042076 - 7?
-1042084
In base 2, what is -110100010010010 - -100110?
-110100001101100
In base 2, what is -110 + -100001011111011100101010?
-100001011111011100110000
In base 5, what is -11014 + -23241?
-34310
In base 10, what is 2 - -33024706?
33024708
In base 16, what is -1950e75 + a?
-1950e6b
In base 5, what is 214304 + -4243?
210011
In base 6, what is 324 + -425440241?
-425435513
In base 14, what is -db6ac0 + -15?
-db6ad5
In base 4, what is 1230112 + 1220331?
3111103
In base 10, what is -24163005 + -15?
-24163020
In base 9, what is -1422721 - -61?
-1422650
In base 8, what is 104547 - -27106?
133655
In base 13, what is -11676 + 16c9?
-cc7a
In base 14, what is 666751 - -d7?
666848
In base 3, what is 1121200 + 2222222022?
10001120222
In base 9, what is -625512568 + 0?
-625512568
In base 6, what is 141354 - 3510?
133444
In base 2, what is -111001000011010111001100 + 10?
-111001000011010111001010
In base 5, what is -14021 - -12441340?
12422314
In base 4, what is -3 + -11233321321323?
-11233321321332
In base 16, what is 17 - -7eba3?
7ebba
In base 13, what is 386b + 56c?
410a
In base 5, what is 14404103034 - -110?
14404103144
In base 15, what